{"id":464,"date":"2024-09-30T12:08:26","date_gmt":"2024-09-30T10:08:26","guid":{"rendered":"https:\/\/caldereriagurelan.com\/empresa\/"},"modified":"2025-09-18T11:41:53","modified_gmt":"2025-09-18T09:41:53","slug":"das-unternehmen","status":"publish","type":"page","link":"https:\/\/caldereriagurelan.com\/de\/das-unternehmen\/","title":{"rendered":"DAS UNTERNEHMEN"},"content":{"rendered":"\n<div class=\"wp-block-uagb-container animated fadeIn slower uagb-block-41c04e63 alignfull uagb-is-root-container\"><div class=\"uagb-container-inner-blocks-wrap\">\n<h1 class=\"wp-block-heading has-text-align-center has-blanco-color has-text-color has-link-color wp-elements-0ff98017b715e8e81313480bdb517967\">DAS UNTERNEHMEN<\/h1>\n\n\n\n<h2 class=\"wp-block-heading has-text-align-center has-blanco-color has-text-color has-link-color wp-elements-9d76bd4e5e33cff4cd3720245b6f34c7\">Im Jahr <mark style=\"background-color:rgba(0, 0, 0, 0)\" class=\"has-inline-color has-rojo-color\">1976<\/mark> gegr\u00fcndet.<\/h2>\n\n\n\n<div class=\"wp-block-uagb-buttons uagb-buttons__outer-wrap uagb-btn__default-btn uagb-btn-tablet__default-btn uagb-btn-mobile__default-btn uagb-block-eeffb402\"><div class=\"uagb-buttons__wrap uagb-buttons-layout-wrap \">\n<div class=\"wp-block-uagb-buttons-child uagb-buttons__outer-wrap uagb-block-df2c28ad wp-block-button scroll\"><div class=\"uagb-button__wrapper\"><a class=\"uagb-buttons-repeater wp-block-button__link\" aria-label=\"\" href=\"#equipo\" rel=\"follow noopener\" target=\"_self\" role=\"button\"><div class=\"uagb-button__link\">DAS TEAM<\/div><\/a><\/div><\/div>\n\n\n\n<div class=\"wp-block-uagb-buttons-child uagb-buttons__outer-wrap uagb-block-ee55644e wp-block-button scroll\"><div class=\"uagb-button__wrapper\"><a class=\"uagb-buttons-repeater wp-block-button__link\" aria-label=\"\" href=\"#calidad\" rel=\"follow noopener\" target=\"_self\" role=\"button\"><div class=\"uagb-button__link\">QUALIT\u00c4T<\/div><\/a><\/div><\/div>\n<\/div><\/div>\n<\/div><\/div>\n\n\n\n<div data-aos= \"fade-up\" data-aos-duration=\"400\" data-aos-delay=\"0\" data-aos-easing=\"ease\" data-aos-once=\"true\" class=\"wp-block-uagb-container uagb-block-01e1f677 alignfull uagb-is-root-container\"><div class=\"uagb-container-inner-blocks-wrap\">\n<h2 class=\"wp-block-heading\">Calderer\u00eda Gurelan wurde 1976 von einer Unternehmergruppe gegr\u00fcndet. Derzeit verf\u00fcgt das Unternehmen \u00fcber eine Produktionsfl\u00e4che von 7000 m2 und eine Tragf\u00e4higkeit von bis zu 200 Tonnen.<\/h2>\n\n\n\n<p>Die langj\u00e4hrigen Erfahrungen, unser Fachwissen und uneingeschr\u00e4nktes Engagement f\u00fcr unsere Kunden sind unser wichtigstes Kapital.<br>Mit ihnen haben wir im Laufe der Jahre gelernt, uns verbessert und unz\u00e4hlige Hindernisse auf dem Weg \u00fcberwunden, die uns zu einem der f\u00fchrenden Unternehmen unserer Branche auf internationaler Ebene gemacht haben.<\/p>\n<\/div><\/div>\n\n\n\n<div class=\"wp-block-uagb-container uagb-block-3e8460bf alignfull uagb-is-root-container\"><div class=\"uagb-container-inner-blocks-wrap\">\n<h3 class=\"wp-block-heading has-text-align-center has-blanco-color has-text-color has-link-color wp-elements-82fbb629c73f6320b3c9288ae25d9769\">Wir sind in\u2026<\/h3>\n\n\n<div class=\"map_wrapper\" id=\"map_wrapper_512\">\n<div class=\"map_box\" style=\"max-width:2000px\">\n<div class=\"map_aspect_ratio\" style=\"padding-top:56%\" data-padding-top=\"56%\" data-padding-top-mobile=\"0%\">\n<div class=\"map_container\">\n<div class=\"map_render map_loading\" id=\"map_512\"><\/div>\n<\/div>\n<\/div>\n<\/div>\n<\/div>\n<\/div><\/div>\n\n\n\n<div id=\"equipo\" class=\"wp-block-uagb-container uagb-block-5f04e235 alignfull uagb-is-root-container\"><div class=\"uagb-container-inner-blocks-wrap\">\n<div data-aos= \"fade-right\" data-aos-duration=\"400\" data-aos-delay=\"0\" data-aos-easing=\"ease\" data-aos-once=\"true\" class=\"wp-block-uagb-container animated fadeInLeft uagb-block-486f6f8b\">\n<h2 class=\"wp-block-heading has-text-align-right has-blanco-color has-text-color has-link-color wp-elements-2290c580f12f461b97ddaab27724e62b\">Das Team<\/h2>\n\n\n\n<h3 class=\"wp-block-heading has-text-align-right has-blanco-color has-text-color has-link-color wp-elements-682bc67ee1f90a3934703efe59e15e90\">Unsere St\u00e4rke sind unsere Mitarbeiter.<\/h3>\n<\/div>\n\n\n\n<div data-aos= \"fade-left\" data-aos-duration=\"400\" data-aos-delay=\"0\" data-aos-easing=\"ease\" data-aos-once=\"true\" class=\"wp-block-uagb-container animated fadeInRight uagb-block-6d160501\">\n<p class=\"has-blanco-color has-text-color has-link-color has-medium-font-size wp-elements-59720083e4de7805408695b1c1d883fa\">Unsere Mitarbeiter sind hochqualifiziert und verf\u00fcgen \u00fcber umfangreiche Berufserfahrung.<\/p>\n<\/div>\n<\/div><\/div>\n\n\n\n<div id=\"calidad\" class=\"wp-block-uagb-container uagb-block-14d5745d alignfull uagb-is-root-container\"><div class=\"uagb-container-inner-blocks-wrap\">\n<div data-aos= \"fade-right\" data-aos-duration=\"400\" data-aos-delay=\"0\" data-aos-easing=\"ease\" data-aos-once=\"true\" class=\"wp-block-uagb-container animated fadeInRight uagb-block-08418506\">\n<h2 class=\"wp-block-heading has-text-align-left has-blanco-color has-text-color has-link-color wp-elements-ed34f6a03980e3ff62caa1b0380b3625\">Qualit\u00e4t und Sicherheit<\/h2>\n\n\n\n<h3 class=\"wp-block-heading has-text-align-left has-blanco-color has-text-color has-link-color wp-elements-4ef4966af7eec5d9e8c2711e27348ca3\">Seit Jahren hat Calderer\u00eda Gurelan, S.A., erhebliche Ressourcen f\u00fcr Verbesserungen in diesen Bereichen bereitgestellt.<\/h3>\n\n\n\n<div style=\"height:70px\" aria-hidden=\"true\" class=\"wp-block-spacer\"><\/div>\n\n\n\n<figure class=\"wp-block-image size-full is-resized\"><img loading=\"lazy\" decoding=\"async\" width=\"700\" height=\"192\" src=\"http:\/\/caldereriagurelan.com\/public\/media\/2024\/10\/iso.png\" alt=\"\" class=\"wp-image-133\" style=\"width:276px;height:auto\" srcset=\"https:\/\/caldereriagurelan.com\/public\/media\/2024\/10\/iso.png 700w, https:\/\/caldereriagurelan.com\/public\/media\/2024\/10\/iso-300x82.png 300w\" sizes=\"auto, (max-width: 700px) 100vw, 700px\" \/><\/figure>\n<\/div>\n<\/div><\/div>\n\n\n\n<div class=\"wp-block-uagb-container uagb-block-5356e2d9 alignfull uagb-is-root-container\"><div class=\"uagb-container-inner-blocks-wrap\">\n<h2 class=\"wp-block-heading has-text-align-center has-blanco-color has-text-color has-link-color wp-elements-5f162ca7f4a55657200335778283d75d\">Geographisch optimale Lage<\/h2>\n<\/div><\/div>\n\n\n\n<div class=\"wp-block-uagb-container uagb-block-8bc1511c alignfull uagb-is-root-container\"><div class=\"uagb-container-inner-blocks-wrap\">\n<div class=\"wp-block-uagb-container uagb-block-864c1388\">\n<div class=\"wp-block-uagb-info-box uagb-block-974c2211 uagb-infobox__content-wrap  uagb-infobox-icon-above-title uagb-infobox-image-valign-top\"><div class=\"uagb-ifb-content\"><div class=\"uagb-ifb-image-content\"><img decoding=\"async\" src=\"http:\/\/caldereriagurelan.com\/public\/media\/2024\/10\/camion.png\" alt=\"\" width=\"40\" height=\"26\" loading=\"lazy\"\/><\/div><div class=\"uagb-ifb-title-wrap\"><\/div><p class=\"uagb-ifb-desc\">AP-8 | A-15 | A-1&nbsp;<br><\/p><\/div><\/div>\n<\/div>\n\n\n\n<div class=\"wp-block-uagb-container uagb-block-fa4b7164\">\n<div class=\"wp-block-uagb-info-box uagb-block-67faa50e uagb-infobox__content-wrap  uagb-infobox-icon-above-title uagb-infobox-image-valign-top\"><div class=\"uagb-ifb-content\"><div class=\"uagb-ifb-image-content\"><img decoding=\"async\" src=\"http:\/\/caldereriagurelan.com\/public\/media\/2024\/10\/avion.png\" alt=\"\" width=\"40\" height=\"26\" loading=\"lazy\"\/><\/div><div class=\"uagb-ifb-title-wrap\"><\/div><p class=\"uagb-ifb-desc\">BILBAO:  67km | 46\u2019<br>SAN SEBASTI\u00c1N: 65km | 56\u2019<br>BIARRRITZ: 90km | 1h 12\u2019<br>SANTANDER: 160km | 1h 50\u2019<br>VITORI: 65km | 45\u2019<br>PAMPLONA: 110km | 1h 20\u2019<\/p><\/div><\/div>\n<\/div>\n\n\n\n<div class=\"wp-block-uagb-container uagb-block-2e2ebaf7\">\n<div class=\"wp-block-uagb-info-box uagb-block-9f3f1d07 uagb-infobox__content-wrap  uagb-infobox-icon-above-title uagb-infobox-image-valign-top\"><div class=\"uagb-ifb-content\"><div class=\"uagb-ifb-image-content\"><img decoding=\"async\" src=\"http:\/\/caldereriagurelan.com\/public\/media\/2024\/10\/barco.png\" alt=\"\" width=\"40\" height=\"26\" loading=\"lazy\"\/><\/div><div class=\"uagb-ifb-title-wrap\"><\/div><p class=\"uagb-ifb-desc\">BILBAO: 81km | 46H<br>PASAJES: 55km | 50\u2019<br>BAIONA: 100km | 1h 20\u2019<\/p><\/div><\/div>\n<\/div>\n<\/div><\/div>\n","protected":false},"excerpt":{"rendered":"<p>DAS UNTERNEHMEN Im Jahr 1976 gegr\u00fcndet. Calderer\u00eda Gurelan wurde 1976 von einer Unternehmergruppe gegr\u00fcndet. Derzeit verf\u00fcgt das Unternehmen \u00fcber eine Produktionsfl\u00e4che von 7000 m2 und eine Tragf\u00e4higkeit von bis zu 200 Tonnen. Die langj\u00e4hrigen Erfahrungen, unser Fachwissen und uneingeschr\u00e4nktes Engagement f\u00fcr unsere Kunden sind unser wichtigstes Kapital.Mit ihnen haben wir im Laufe der Jahre gelernt, [&hellip;]<\/p>\n","protected":false},"author":1,"featured_media":0,"parent":0,"menu_order":0,"comment_status":"closed","ping_status":"closed","template":"normalpage.php","meta":{"_uag_custom_page_level_css":"","slim_seo":{"description":"Calderer\u00eda fundada en 1976, por un grupo de personas emprendedoras. Cuenta en la actualidad con una estructura cubierta de 7000 m2. y capacidad de carga de hasta 200 Tn.","title":"DAS UNTERNEHMEN - Gurelan - Calderer\u00eda"},"footnotes":""},"class_list":["post-464","page","type-page","status-publish","hentry"],"uagb_featured_image_src":{"full":false,"thumbnail":false,"medium":false,"medium_large":false,"large":false,"1536x1536":false,"2048x2048":false},"uagb_author_info":{"display_name":"axliweb","author_link":"https:\/\/caldereriagurelan.com\/de\/author\/axliweb\/"},"uagb_comment_info":0,"uagb_excerpt":"DAS UNTERNEHMEN Im Jahr 1976 gegr\u00fcndet. Calderer\u00eda Gurelan wurde 1976 von einer Unternehmergruppe gegr\u00fcndet. Derzeit verf\u00fcgt das Unternehmen \u00fcber eine Produktionsfl\u00e4che von 7000 m2 und eine Tragf\u00e4higkeit von bis zu 200 Tonnen. Die langj\u00e4hrigen Erfahrungen, unser Fachwissen und uneingeschr\u00e4nktes Engagement f\u00fcr unsere Kunden sind unser wichtigstes Kapital.Mit ihnen haben wir im Laufe der Jahre gelernt,&hellip;","_links":{"self":[{"href":"https:\/\/caldereriagurelan.com\/de\/wp-json\/wp\/v2\/pages\/464","targetHints":{"allow":["GET"]}}],"collection":[{"href":"https:\/\/caldereriagurelan.com\/de\/wp-json\/wp\/v2\/pages"}],"about":[{"href":"https:\/\/caldereriagurelan.com\/de\/wp-json\/wp\/v2\/types\/page"}],"author":[{"embeddable":true,"href":"https:\/\/caldereriagurelan.com\/de\/wp-json\/wp\/v2\/users\/1"}],"replies":[{"embeddable":true,"href":"https:\/\/caldereriagurelan.com\/de\/wp-json\/wp\/v2\/comments?post=464"}],"version-history":[{"count":2,"href":"https:\/\/caldereriagurelan.com\/de\/wp-json\/wp\/v2\/pages\/464\/revisions"}],"predecessor-version":[{"id":524,"href":"https:\/\/caldereriagurelan.com\/de\/wp-json\/wp\/v2\/pages\/464\/revisions\/524"}],"wp:attachment":[{"href":"https:\/\/caldereriagurelan.com\/de\/wp-json\/wp\/v2\/media?parent=464"}],"curies":[{"name":"wp","href":"https:\/\/api.w.org\/{rel}","templated":true}]}}

<div class="wp-block-uagb-container animated fadeIn slower uagb-block-41c04e63 alignfull uagb-is-root-container"><div class="uagb-container-inner-blocks-wrap">
<h1 class="wp-block-heading has-text-align-center has-blanco-color has-text-color has-link-color wp-elements-0ff98017b715e8e81313480bdb517967">DAS UNTERNEHMEN</h1>



<h2 class="wp-block-heading has-text-align-center has-blanco-color has-text-color has-link-color wp-elements-9d76bd4e5e33cff4cd3720245b6f34c7">Im Jahr <mark style="background-color:rgba(0, 0, 0, 0)" class="has-inline-color has-rojo-color">1976</mark> gegründet.</h2>



<div class="wp-block-uagb-buttons uagb-buttons__outer-wrap uagb-btn__default-btn uagb-btn-tablet__default-btn uagb-btn-mobile__default-btn uagb-block-eeffb402"><div class="uagb-buttons__wrap uagb-buttons-layout-wrap ">
<div class="wp-block-uagb-buttons-child uagb-buttons__outer-wrap uagb-block-df2c28ad wp-block-button scroll"><div class="uagb-button__wrapper"><a class="uagb-buttons-repeater wp-block-button__link" aria-label="" href="#equipo" rel="follow noopener" target="_self" role="button"><div class="uagb-button__link">DAS TEAM</div></a></div></div>



<div class="wp-block-uagb-buttons-child uagb-buttons__outer-wrap uagb-block-ee55644e wp-block-button scroll"><div class="uagb-button__wrapper"><a class="uagb-buttons-repeater wp-block-button__link" aria-label="" href="#calidad" rel="follow noopener" target="_self" role="button"><div class="uagb-button__link">QUALITÄT</div></a></div></div>
</div></div>
</div></div>



<div data-aos= "fade-up" data-aos-duration="400" data-aos-delay="0" data-aos-easing="ease" data-aos-once="true" class="wp-block-uagb-container uagb-block-01e1f677 alignfull uagb-is-root-container"><div class="uagb-container-inner-blocks-wrap">
<h2 class="wp-block-heading">Calderería Gurelan wurde 1976 von einer Unternehmergruppe gegründet. Derzeit verfügt das Unternehmen über eine Produktionsfläche von 7000 m2 und eine Tragfähigkeit von bis zu 200 Tonnen.</h2>



<p>Die langjährigen Erfahrungen, unser Fachwissen und uneingeschränktes Engagement für unsere Kunden sind unser wichtigstes Kapital.<br>Mit ihnen haben wir im Laufe der Jahre gelernt, uns verbessert und unzählige Hindernisse auf dem Weg überwunden, die uns zu einem der führenden Unternehmen unserer Branche auf internationaler Ebene gemacht haben.</p>
</div></div>



<div class="wp-block-uagb-container uagb-block-3e8460bf alignfull uagb-is-root-container"><div class="uagb-container-inner-blocks-wrap">
<h3 class="wp-block-heading has-text-align-center has-blanco-color has-text-color has-link-color wp-elements-82fbb629c73f6320b3c9288ae25d9769">Wir sind in…</h3>


<div class="map_wrapper" id="map_wrapper_512">
<div class="map_box" style="max-width:2000px">
<div class="map_aspect_ratio" style="padding-top:56%" data-padding-top="56%" data-padding-top-mobile="0%">
<div class="map_container">
<div class="map_render map_loading" id="map_512"></div>
</div>
</div>
</div>
</div>
</div></div>



<div id="equipo" class="wp-block-uagb-container uagb-block-5f04e235 alignfull uagb-is-root-container"><div class="uagb-container-inner-blocks-wrap">
<div data-aos= "fade-right" data-aos-duration="400" data-aos-delay="0" data-aos-easing="ease" data-aos-once="true" class="wp-block-uagb-container animated fadeInLeft uagb-block-486f6f8b">
<h2 class="wp-block-heading has-text-align-right has-blanco-color has-text-color has-link-color wp-elements-2290c580f12f461b97ddaab27724e62b">Das Team</h2>



<h3 class="wp-block-heading has-text-align-right has-blanco-color has-text-color has-link-color wp-elements-682bc67ee1f90a3934703efe59e15e90">Unsere Stärke sind unsere Mitarbeiter.</h3>
</div>



<div data-aos= "fade-left" data-aos-duration="400" data-aos-delay="0" data-aos-easing="ease" data-aos-once="true" class="wp-block-uagb-container animated fadeInRight uagb-block-6d160501">
<p class="has-blanco-color has-text-color has-link-color has-medium-font-size wp-elements-59720083e4de7805408695b1c1d883fa">Unsere Mitarbeiter sind hochqualifiziert und verfügen über umfangreiche Berufserfahrung.</p>
</div>
</div></div>



<div id="calidad" class="wp-block-uagb-container uagb-block-14d5745d alignfull uagb-is-root-container"><div class="uagb-container-inner-blocks-wrap">
<div data-aos= "fade-right" data-aos-duration="400" data-aos-delay="0" data-aos-easing="ease" data-aos-once="true" class="wp-block-uagb-container animated fadeInRight uagb-block-08418506">
<h2 class="wp-block-heading has-text-align-left has-blanco-color has-text-color has-link-color wp-elements-ed34f6a03980e3ff62caa1b0380b3625">Qualität und Sicherheit</h2>



<h3 class="wp-block-heading has-text-align-left has-blanco-color has-text-color has-link-color wp-elements-4ef4966af7eec5d9e8c2711e27348ca3">Seit Jahren hat Calderería Gurelan, S.A., erhebliche Ressourcen für Verbesserungen in diesen Bereichen bereitgestellt.</h3>



<div style="height:70px" aria-hidden="true" class="wp-block-spacer"></div>



<figure class="wp-block-image size-full is-resized"><img loading="lazy" decoding="async" width="700" height="192" src="http://caldereriagurelan.com/public/media/2024/10/iso.png" alt="" class="wp-image-133" style="width:276px;height:auto" srcset="https://caldereriagurelan.com/public/media/2024/10/iso.png 700w, https://caldereriagurelan.com/public/media/2024/10/iso-300x82.png 300w" sizes="auto, (max-width: 700px) 100vw, 700px" /></figure>
</div>
</div></div>



<div class="wp-block-uagb-container uagb-block-5356e2d9 alignfull uagb-is-root-container"><div class="uagb-container-inner-blocks-wrap">
<h2 class="wp-block-heading has-text-align-center has-blanco-color has-text-color has-link-color wp-elements-5f162ca7f4a55657200335778283d75d">Geographisch optimale Lage</h2>
</div></div>



<div class="wp-block-uagb-container uagb-block-8bc1511c alignfull uagb-is-root-container"><div class="uagb-container-inner-blocks-wrap">
<div class="wp-block-uagb-container uagb-block-864c1388">
<div class="wp-block-uagb-info-box uagb-block-974c2211 uagb-infobox__content-wrap  uagb-infobox-icon-above-title uagb-infobox-image-valign-top"><div class="uagb-ifb-content"><div class="uagb-ifb-image-content"><img decoding="async" src="http://caldereriagurelan.com/public/media/2024/10/camion.png" alt="" width="40" height="26" loading="lazy"/></div><div class="uagb-ifb-title-wrap"></div><p class="uagb-ifb-desc">AP-8 | A-15 | A-1&nbsp;<br></p></div></div>
</div>



<div class="wp-block-uagb-container uagb-block-fa4b7164">
<div class="wp-block-uagb-info-box uagb-block-67faa50e uagb-infobox__content-wrap  uagb-infobox-icon-above-title uagb-infobox-image-valign-top"><div class="uagb-ifb-content"><div class="uagb-ifb-image-content"><img decoding="async" src="http://caldereriagurelan.com/public/media/2024/10/avion.png" alt="" width="40" height="26" loading="lazy"/></div><div class="uagb-ifb-title-wrap"></div><p class="uagb-ifb-desc">BILBAO:  67km | 46’<br>SAN SEBASTIÁN: 65km | 56’<br>BIARRRITZ: 90km | 1h 12’<br>SANTANDER: 160km | 1h 50’<br>VITORI: 65km | 45’<br>PAMPLONA: 110km | 1h 20’</p></div></div>
</div>



<div class="wp-block-uagb-container uagb-block-2e2ebaf7">
<div class="wp-block-uagb-info-box uagb-block-9f3f1d07 uagb-infobox__content-wrap  uagb-infobox-icon-above-title uagb-infobox-image-valign-top"><div class="uagb-ifb-content"><div class="uagb-ifb-image-content"><img decoding="async" src="http://caldereriagurelan.com/public/media/2024/10/barco.png" alt="" width="40" height="26" loading="lazy"/></div><div class="uagb-ifb-title-wrap"></div><p class="uagb-ifb-desc">BILBAO: 81km | 46H<br>PASAJES: 55km | 50’<br>BAIONA: 100km | 1h 20’</p></div></div>
</div>
</div></div>

<p>DAS UNTERNEHMEN Im Jahr 1976 gegründet. Calderería Gurelan wurde 1976 von einer Unternehmergruppe gegründet. Derzeit verfügt das Unternehmen über eine Produktionsfläche von 7000 m2 und eine Tragfähigkeit von bis zu 200 Tonnen. Die langjährigen Erfahrungen, unser Fachwissen und uneingeschränktes Engagement für unsere Kunden sind unser wichtigstes Kapital.Mit ihnen haben wir im Laufe der Jahre gelernt, [&hellip;]</p>

Calderería fundada en 1976, por un grupo de personas emprendedoras. Cuenta en la actualidad con una estructura cubierta de 7000 m2. y capacidad de carga de hasta 200 Tn.

DAS UNTERNEHMEN - Gurelan - Calderería

DAS UNTERNEHMEN Im Jahr 1976 gegründet. Calderería Gurelan wurde 1976 von einer Unternehmergruppe gegründet. Derzeit verfügt das Unternehmen über eine Produktionsfläche von 7000 m2 und eine Tragfähigkeit von bis zu 200 Tonnen. Die langjährigen Erfahrungen, unser Fachwissen und uneingeschränktes Engagement für unsere Kunden sind unser wichtigstes Kapital.Mit ihnen haben wir im Laufe der Jahre gelernt,&hellip;
